- 17*x**3/2 - 8*x**2 + x. Let k = -40 + 34. What are the prime factors of c(k)?
3, 53
Suppose -9*k - 10*k + 171 = 0. Suppose 8*t + 5 = k*t. Let l = t + 38. List the prime factors of l.
43
Suppose 0 = 2*b + 3*j + 33, 16*j = b + 12*j + 22. Let l be (6/b)/(4/132). Let w(r) = -4*r - 4. What are the prime factors of w(l)?
2, 5
Suppose -2*z + 89*l + 26127 = 88*l, -2*l = -3*z + 39192. What are the prime factors of z?
2, 3, 7, 311
Suppose 0 = -8*z - 331 + 67. Let k = z - -133. List the prime factors of k.
2, 5
What are the prime factors of 4199/(-988)*(-1 + (-14033 - 2) + 0)?
11, 17, 29
Suppose -o + 2*w = -4, -2*o = -w + 3 - 8. Suppose 0 = -5*u + z - 4, 5*u + 5*z - 12 = 2*z. What are the prime factors of u - o - 1*-146?
2, 3
What are the prime factors of 1 - (-5297 + -12 - 0)?
2, 3, 5, 59
Let i be (-2 + 1/1)*-5. Let r be (1 - (-3 + 4))/(-9). Suppose q + r*g + 4*g = 71, -i*q - g + 393 = 0. List the prime factors of q.
79
Let w = 31664 + 42507. List the prime factors of w.
17, 4363
Let b = 5943 + -511. Suppose -4*f - t = -b, f + t = 5*f - 5440. List the prime factors of f.
3, 151
Let i be 3 + ((-15990)/(-5))/(-6). Let b = 123 - i. List the prime factors of b.
653
Let w = -282 - -938. Suppose -4*g + w = 40. Suppose 0 = 6*h - g - 254. What are the prime factors of h?
2, 17
Let s(l) = 2033*l + 8973. List the prime factors of s(5).
2, 7, 1367
Suppose 3*n = 2*u - 590, 8*u - 1475 = 3*u + 2*n. Let k = u + 756. What are the prime factors of k?
1051
Let d be 40/(-220) + ((-8322)/11)/(-3). Suppose d - 1287 = -5*t. List the prime factors of t.
3, 23
Let m be 2/8 + -1 + 11/4. Suppose 5*g - 10 = 0, 0*d + 641 = -5*d - m*g. Let l = -77 - d. What are the prime factors of l?
2, 13
Suppose 2*o + 163 = 3*d, 7 - 3 = 4*o. Let y = d - 52. Suppose 2*x - 686 = -4*b, -4*b + 9*b - 860 = -y*x. List the prime factors of b.
13
Suppose -6*f = -19 - 1253. Let j = -165 + f. What are the prime factors of j?
47
Let l(k) be the second derivative of -4*k**3 + 15*k**2/2 + 3*k - 8. What are the prime factors of l(-12)?
3, 101
Suppose 41*g - 5320 = 13*g. What are the prime factors of g?
2, 5, 19
Let k(p) = 279*p**3 - 23*p**3 - 119*p**3 - 1 + p**2 - 3. What are the prime factors of k(2)?
2, 137
Let i(q) = q**3 + 46*q**2 + 44*q + 207. What are the prime factors of i(-17)?
2, 5, 7
Let v be (-1 - -19) + (6 + 1 - 5). Let l = v - 165. Let o = -23 - l. What are the prime factors of o?
2, 61
Suppose 58*l = -42*l + 816159 - 86759. What are the prime factors of l?
2, 7, 521
Let x be ((-124)/5)/(4/(-30)). Let h be -2*(196/72 + 2/(-9)) - 10. Let o = h + x. What are the prime factors of o?
3, 19
Let z(p) = -3*p**3 - 6*p**2 - p + 12. Let n be z(-4). Let a = n - 35. What are the prime factors of a?
7, 11
Suppose -4479 - 197 = -28*c. Let k = 186 + c. List the prime factors of k.
353
Let r(m) = 3*m**2 + 39*m - 132. List the prime factors of r(-31).
2, 3, 257
Suppose 5*l + 4*j - 14986 = -2510, 4*j = 4*l - 9952. What are the prime factors of l?
2, 7, 89
Let g be ((-7)/((-7)/3))/1. Suppose -2 = -g*k + 7. List the prime factors of 6 - ((k - 7) + 8).
2
Let x(a) = 27*a**2 + 147*a + 206. List the prime factors of x(-44).
2, 5, 43, 107
Let y be (-46)/5*(6565/(-10) - 1). Suppose -1159 = 15*o - y. What are the prime factors of o?
2, 163
Let m be 1*3/15 - 207/(-15). Suppose -5*t = 16 + m. List the prime factors of 10*21*(-2)/t.
2, 5, 7
Let z(t) = 2*t + t - 4*t + 16 + 0*t. Let m be z(12). Suppose -5*s + 158 = m*d, -d = -3*d - 6. List the prime factors of s.
2, 17
Suppose 3*o - 377 + 269 = 0. What are the prime factors of (o/(-24))/((-2)/812)?
3, 7, 29
Let z(v) be the second derivative of v**4/6 - 13*v**3/6 + 10*v**2 + v. Let i(c) = 141*c - 412. Let d be i(3). List the prime factors of z(d).
7, 17
Let y(p) = 3 + 184*p - p**2 + 26 - 186*p. Let j be y(0). Suppose 0 = -2*g + u + 115 + j, -2*g - 2*u + 144 = 0. What are the prime factors of g?
2, 3
Let w = 18 + -15. Let p(s) = -458*s**3 - s**2 - s - 1. Let x be p(-1). Suppose 3*c + l = x, 159 = -0*c + c - w*l. List the prime factors of c.
3, 17
Suppose -5*r + 15 = -5*y, r = y - 4*y + 19. Suppose -r*n - 8724 = -19*n. List the prime factors of n.
727
Let l = -6810 + 7411. List the prime factors of l.
601
Let l(x) = 3*x**3 - 18*x**2 - 78*x - 2. Let q be l(-4). List the prime factors of 1421 - ((-20)/q - (-32)/17).
3, 11, 43
Let y = 4202 + -6148. What are the prime factors of (30/70)/((-2)/y)?
3, 139
Let s(d) be the second derivative of 1/6*d**4 - 5/6*d**3 + 15*d**2 + 6*d + 0. What are the prime factors of s(11)?
7, 31
Let f = -117 - -10. Let o = f - 40. Let k = 207 + o. What are the prime factors of k?
2, 3, 5
Suppose -5*j + 20*w + 1526 = 23*w, -5*j + 1519 = 2*w. Suppose -3 = 3*g - 9, 0 = -q - 4*g - 176. Let o = q + j. List the prime factors of o.
3, 13
Let s = -88 + 168. Suppose -346 = 78*b - s*b. What are the prime factors of b?
173
Let d = 5573 + -2462. What are the prime factors of d?
3, 17, 61
Suppose 0 = 4*o + 2*g - 23834, -43*g = 5*o - 40*g - 29792. List the prime factors of o.
59, 101
Suppose 2*c - 34578 = v - 3350, 3*c - 3*v = 46839. List the prime factors of c.
3, 5, 347
Let r(x) = -x**2 - x + 153. Let s be r(0). Suppose 74*p + 280 = -74*p + 134*p. Let v = s - p. List the prime factors of v.
173
Let d be ((-45)/(-135))/(1/(-24)). What are the prime factors of 4 - (384/d)/(6/112)?
2, 3, 5
Let i = -47094 + 77538. List the prime factors of i.
2, 3, 43, 59
Suppose -c - 8 = -g, g - 6*g + 2*c = -28. Suppose -15 + 2308 = 5*a - 4*f, g*f + 465 = a. What are the prime factors of a?
457
Let y be 677/9 - (-10)/(-45). Suppose 1298 = -6*f + 1562. Let c = y - f. What are the prime factors of c?
31
Let y = 456 + 96. Suppose 4*c = 12*c - y. Suppose 5*v - c = 4*v. List the prime factors of v.
3, 23
Suppose h - 3*a = 5*h + 768, 0 = 2*h + 5*a + 370. Let u = 382 - h. Suppose 0 = 6*s - 779 - u. List the prime factors of s.
2, 113
Let y = 95820 + -68244. List the prime factors of y.
2, 3, 383
Let b be (25/((-150)/24))/((-2)/740). List the prime factors of -1 + -3 + (-13)/((-52)/b).
2, 3, 61
Let d(k) = -642*k + 4957. List the prime factors of d(-74).
5, 7, 1499
Suppose 0 = -27*l - 94*l + 242. Let s(j) = -10*j**3 + 2*j**2 + 3*j - 1. Let o(d) = -d**2 - 1. Let c(x) = -2*o(x) - s(x). What are the prime factors of c(l)?
7, 11
Let g(c) = 95456*c**2 + 39*c - 27. What are the prime factors of g(1)?
2, 29, 823
Let z = 293 - 314. Suppose -y - 2*y = q + 4, -4*y - 8 = 0. List the prime factors of 32/(q/3 - 7/z).
2
Let f(k) = 306*k + 10. Let c(s) = -609*s - 20. Let v(i) = -6*c(i) - 11*f(i). List the prime factors of v(2).
2, 293
Let w be 1 + 275 + (-95)/(-19). Let d = w - -503. List the prime factors of d.
2, 7
Let r be (255/(-20))/((-6)/16). Suppose -5*i = -r + 14. Let b(x) = x**3 + 2*x**2 - 6*x + 6. What are the prime factors of b(i)?
2, 3, 13
What are the prime factors of (-204590)/(-18) + (-1664)/(-1872)?
3, 421
Let k = -17 - -16. What are the prime factors of (5 + k)*(-822)/(-24)?
137
Suppose -1 = 2*m - 5*g + 6, 0 = -2*m - g + 11. Suppose -m*n = -0*n + t + 10, 2*n = 4*t - 14. What are the prime factors of 1745/15 + (-2)/n?
3, 13
Let a(g) = g**2 + 7*g + 9. Suppose -q + 6*q = -30. Let b be a(q). Suppose 2*s + 0*z + z = 112, 4*s - 224 = b*z. List the prime factors of s.
2, 7
Let l = 472 + -467. What are the prime factors of (-688 + -6)*l/(-10)?
347
Suppose 5*f - j = -6*j + 7530, -7544 = -5*f + 2*j. Let d = f + -971. List the prime factors of d.
3, 179
Let h(i) = 3*i - 7. Let p be h(-12). Let q = -17 - p. Suppose -6*l - q = -260. List the prime factors of l.
3, 13
Suppose 0 = v + 4*q - 1192, 0 = -3*v + 3*q - 4*q + 3543. Suppose t = -d + 236, 5*t - 3*d - v = d. What are the prime factors of t?
2, 59
Let x = 17 - 24. Let k be (-15)/35 + (-31)/x. Suppose -6*v + 3*v - 372 = -5*n, 0 = -2*n - k*v + 128. What are the prime factors of n?
2, 3
Suppose -5*p + 2 - 12 = -3*s, -2*s = -4*p - 6. Suppose -1055 = -5*d + 5*q, -s*d - 3*q + 1034 = -q. Let b = d - -95. What are the prime factors of b?
3, 101
Let k = -241 - -128. Let f = 390 + k. List the prime factors of f.
277
Suppose -5*o + 2*t + 3*t = 10, -5*o + 2*t = -2. Suppose 16*r - 2618 = o*r. List the prime factors of r.
11, 17
Let u be (93*959/21)/(-2 + 1). Let q = -2976 - u. What are the prime factors of q?
31, 41
Let c be (63/147)/(1/(-7)). List the prime fa